[INFO] cloning repository https://github.com/aweinstock314/weinsa_westem_distributedsystems_project1
[INFO] running `Command { std: "git" "-c" "credential.helper=" "-c" "credential.helper=/workspace/cargo-home/bin/git-credential-null" "clone" "--bare" "https://github.com/aweinstock314/weinsa_westem_distributedsystems_project1" "/workspace/cache/git-repos/https%3A%2F%2Fgithub.com%2Faweinstock314%2Fweinsa_westem_distributedsystems_project1", kill_on_drop: false }`
[INFO] [stderr] Cloning into bare repository '/workspace/cache/git-repos/https%3A%2F%2Fgithub.com%2Faweinstock314%2Fweinsa_westem_distributedsystems_project1'...
[INFO] running `Command { std: "git" "rev-parse" "HEAD", kill_on_drop: false }`
[INFO] [stdout] 38e52657bf6d2b5a77709d34bb4c347c39239826
[INFO] checking aweinstock314/weinsa_westem_distributedsystems_project1 against master#e6e4f7ed1589e03bc2f6c5931c1a72e7947e8682 for beta-170-4
[INFO] running `Command { std: "git" "clone" "/workspace/cache/git-repos/https%3A%2F%2Fgithub.com%2Faweinstock314%2Fweinsa_westem_distributedsystems_project1" "/workspace/builds/worker-6-tc2/source", kill_on_drop: false }`
[INFO] [stderr] Cloning into '/workspace/builds/worker-6-tc2/source'...
[INFO] [stderr] done.
[INFO] validating manifest of git repo https://github.com/aweinstock314/weinsa_westem_distributedsystems_project1 on toolchain e6e4f7ed1589e03bc2f6c5931c1a72e7947e8682
[INFO] running `Command { std: CARGO_HOME="/workspace/cargo-home" RUSTUP_HOME="/workspace/rustup-home" "/workspace/cargo-home/bin/cargo" "+e6e4f7ed1589e03bc2f6c5931c1a72e7947e8682" "metadata" "--manifest-path" "Cargo.toml" "--no-deps", kill_on_drop: false }`
[INFO] started tweaking git repo https://github.com/aweinstock314/weinsa_westem_distributedsystems_project1
[INFO] finished tweaking git repo https://github.com/aweinstock314/weinsa_westem_distributedsystems_project1
[INFO] tweaked toml for git repo https://github.com/aweinstock314/weinsa_westem_distributedsystems_project1 written to /workspace/builds/worker-6-tc2/source/Cargo.toml
[INFO] crate git repo https://github.com/aweinstock314/weinsa_westem_distributedsystems_project1 already has a lockfile, it will not be regenerated
[INFO] running `Command { std: CARGO_HOME="/workspace/cargo-home" RUSTUP_HOME="/workspace/rustup-home" "/workspace/cargo-home/bin/cargo" "+e6e4f7ed1589e03bc2f6c5931c1a72e7947e8682" "fetch" "--manifest-path" "Cargo.toml", kill_on_drop: false }`
[INFO] running `Command { std: "docker" "create" "-v" "/var/lib/crater-agent-workspace/builds/worker-6-tc2/target:/opt/rustwide/target:rw,Z" "-v" "/var/lib/crater-agent-workspace/builds/worker-6-tc2/source:/opt/rustwide/workdir:ro,Z" "-v" "/var/lib/crater-agent-workspace/cargo-home:/opt/rustwide/cargo-home:ro,Z" "-v" "/var/lib/crater-agent-workspace/rustup-home:/opt/rustwide/rustup-home:ro,Z" "-e" "SOURCE_DIR=/opt/rustwide/workdir" "-e" "CARGO_TARGET_DIR=/opt/rustwide/target" "-e" "CARGO_HOME=/opt/rustwide/cargo-home" "-e" "RUSTUP_HOME=/opt/rustwide/rustup-home" "-w" "/opt/rustwide/workdir" "-m" "1610612736" "--user" "0:0" "--network" "none" "ghcr.io/rust-lang/crates-build-env/linux@sha256:19e73879b68f455e41552ea35293514db52ea292d993f571636dbffedb77a1ee" "/opt/rustwide/cargo-home/bin/cargo" "+e6e4f7ed1589e03bc2f6c5931c1a72e7947e8682" "metadata" "--no-deps" "--format-version=1", kill_on_drop: false }`
[INFO] [stdout] 11915d928d753257bf2f48e40090d039d60a19c40f5d6c4e8bb542f91e770a9a
[INFO] running `Command { std: "docker" "start" "-a" "11915d928d753257bf2f48e40090d039d60a19c40f5d6c4e8bb542f91e770a9a", kill_on_drop: false }`
[INFO] running `Command { std: "docker" "inspect" "11915d928d753257bf2f48e40090d039d60a19c40f5d6c4e8bb542f91e770a9a", kill_on_drop: false }`
[INFO] running `Command { std: "docker" "rm" "-f" "11915d928d753257bf2f48e40090d039d60a19c40f5d6c4e8bb542f91e770a9a", kill_on_drop: false }`
[INFO] [stdout] 11915d928d753257bf2f48e40090d039d60a19c40f5d6c4e8bb542f91e770a9a
[INFO] running `Command { std: "docker" "create" "-v" "/var/lib/crater-agent-workspace/builds/worker-6-tc2/target:/opt/rustwide/target:rw,Z" "-v" "/var/lib/crater-agent-workspace/builds/worker-6-tc2/source:/opt/rustwide/workdir:ro,Z" "-v" "/var/lib/crater-agent-workspace/cargo-home:/opt/rustwide/cargo-home:ro,Z" "-v" "/var/lib/crater-agent-workspace/rustup-home:/opt/rustwide/rustup-home:ro,Z" "-e" "SOURCE_DIR=/opt/rustwide/workdir" "-e" "CARGO_TARGET_DIR=/opt/rustwide/target" "-e" "CARGO_INCREMENTAL=0" "-e" "RUST_BACKTRACE=full" "-e" "RUSTFLAGS=--cap-lints=forbid" "-e" "RUSTDOCFLAGS=--cap-lints=forbid" "-e" "CARGO_HOME=/opt/rustwide/cargo-home" "-e" "RUSTUP_HOME=/opt/rustwide/rustup-home" "-w" "/opt/rustwide/workdir" "-m" "1610612736" "--user" "0:0" "--network" "none" "ghcr.io/rust-lang/crates-build-env/linux@sha256:19e73879b68f455e41552ea35293514db52ea292d993f571636dbffedb77a1ee" "/opt/rustwide/cargo-home/bin/cargo" "+e6e4f7ed1589e03bc2f6c5931c1a72e7947e8682" "check" "--frozen" "--all" "--all-targets" "--message-format=json", kill_on_drop: false }`
[INFO] [stdout] a40ce4b2719fd4d4da0e2eb3c3e6244c41c42d39584fc08f1f8db423580a90f5
[INFO] running `Command { std: "docker" "start" "-a" "a40ce4b2719fd4d4da0e2eb3c3e6244c41c42d39584fc08f1f8db423580a90f5", kill_on_drop: false }`
[INFO] [stderr]     Checking libc v0.2.17
[INFO] [stderr]    Compiling winapi-build v0.1.1
[INFO] [stderr]    Compiling semver v0.1.20
[INFO] [stderr]     Checking winapi v0.2.8
[INFO] [stderr]    Compiling quote v0.3.3
[INFO] [stderr]    Compiling unicode-xid v0.0.3
[INFO] [stderr]     Checking cfg-if v0.1.0
[INFO] [stderr]     Checking log v0.3.6
[INFO] [stderr]     Checking bitflags v0.4.0
[INFO] [stderr]     Checking void v1.0.2
[INFO] [stderr]     Checking num-traits v0.1.36
[INFO] [stderr]     Checking slab v0.3.0
[INFO] [stderr]     Checking utf8-ranges v0.1.3
[INFO] [stderr]     Checking lazycell v0.4.0
[INFO] [stderr]     Checking regex-syntax v0.3.7
[INFO] [stderr]     Checking serde v0.8.12
[INFO] [stderr]     Checking itoa v0.1.1
[INFO] [stderr]     Checking dtoa v0.2.2
[INFO] [stderr]     Checking scoped-tls v0.1.0
[INFO] [stderr]     Checking byteorder v0.5.3
[INFO] [stderr]     Checking rustc-serialize v0.3.19
[INFO] [stderr]    Compiling syn v0.9.0
[INFO] [stderr]     Checking argparse v0.2.1
[INFO] [stderr]    Compiling rustc_version v0.1.7
[INFO] [stderr]     Checking futures v0.1.2
[INFO] [stderr]     Checking nom v1.2.4
[INFO] [stderr]     Checking lazy_static v0.1.16
[INFO] [stderr]    Compiling kernel32-sys v0.2.2
[INFO] [stdout] error[E0642]: patterns aren't allowed in functions without bodies
[INFO] [stdout]    --> /opt/rustwide/cargo-home/registry/src/index.crates.io-6f17d22bba15001f/rustc-serialize-0.3.19/src/serialize.rs:147:45
[INFO] [stdout]     |
[INFO] [stdout] 147 | ...                   &f_name: &str,
[INFO] [stdout]     |                       ^^^^^^^ pattern not allowed in function without body
[INFO] [stdout] 
[INFO] [stdout] 
[INFO] [stderr]     Checking memchr v0.1.11
[INFO] [stderr]     Checking net2 v0.2.26
[INFO] [stderr]     Checking aho-corasick v0.5.3
[INFO] [stderr]    Compiling nix v0.6.0
[INFO] [stderr]     Checking thread-id v2.0.0
[INFO] [stderr]     Checking thread_local v0.2.7
[INFO] [stderr]    Compiling serde_codegen_internals v0.10.0
[INFO] [stderr]     Checking regex v0.1.77
[INFO] [stderr]    Compiling serde_codegen v0.8.12
[INFO] [stdout] error[E0463]: can't find crate for `syntax`
[INFO] [stdout]   --> /opt/rustwide/cargo-home/registry/src/index.crates.io-6f17d22bba15001f/serde_codegen-0.8.12/src/lib.rs:21:1
[INFO] [stdout]    |
[INFO] [stdout] 21 | extern crate syntax;
[INFO] [stdout]    | ^^^^^^^^^^^^^^^^^^^^ can't find crate
[INFO] [stdout] 
[INFO] [stdout] 
[INFO] [stdout] error[E0463]: can't find crate for `rustc_plugin`
[INFO] [stdout]   --> /opt/rustwide/cargo-home/registry/src/index.crates.io-6f17d22bba15001f/serde_codegen-0.8.12/src/lib.rs:24:1
[INFO] [stdout]    |
[INFO] [stdout] 24 | extern crate rustc_plugin;
[INFO] [stdout]    | ^^^^^^^^^^^^^^^^^^^^^^^^^^ can't find crate
[INFO] [stdout]    |
[INFO] [stdout]    = help: maybe you need to install the missing components with: `rustup component add rust-src rustc-dev llvm-tools-preview`
[INFO] [stdout] 
[INFO] [stdout] 
[INFO] [stdout] error: aborting due to 2 previous errors
[INFO] [stdout] 
[INFO] [stdout] 
[INFO] [stdout] For more information about this error, try `rustc --explain E0463`.
[INFO] [stdout] 
[INFO] [stdout] error: aborting due to previous error
[INFO] [stdout] 
[INFO] [stdout] 
[INFO] [stdout] For more information about this error, try `rustc --explain E0642`.
[INFO] [stdout] 
[INFO] [stderr] error: could not compile `serde_codegen` (lib) due to 3 previous errors
[INFO] [stderr] warning: build failed, waiting for other jobs to finish...
[INFO] [stderr] error: could not compile `rustc-serialize` (lib) due to 2 previous errors; 1 warning emitted
[INFO] running `Command { std: "docker" "inspect" "a40ce4b2719fd4d4da0e2eb3c3e6244c41c42d39584fc08f1f8db423580a90f5", kill_on_drop: false }`
[INFO] running `Command { std: "docker" "rm" "-f" "a40ce4b2719fd4d4da0e2eb3c3e6244c41c42d39584fc08f1f8db423580a90f5", kill_on_drop: false }`
[INFO] [stdout] a40ce4b2719fd4d4da0e2eb3c3e6244c41c42d39584fc08f1f8db423580a90f5
